mon divisor of 16 and k.
4
Let l be (-60)/(-160) - (-93)/8*1. Let z be ((-1 - -4) + -1)*4. Suppose -z*c = -1205 - 331. Calculate the greatest common divisor of l and c.
12
Suppose -17 = -5*t + z, t - 3*t + z + 8 = 0. Suppose -t*n = 10*n - 1625. What is the highest common divisor of 25 and n?
25
Let v be ((-38)/3)/(4/(-222)). Let l = -183812 - -183849. Calculate the greatest common factor of l and v.
37
Let i be (44/12)/(8 - (-161)/(-21)). What is the greatest common divisor of 3355 and i?
11
Let n be (-7 - 1)/(2/(-62)). Let j(g) be the first derivative of 7*g**3/3 - 5*g**2 + 23*g - 78. Let d be j(2). Calculate the highest common divisor of d and n.
31
Let g = 35 - 5. Suppose 3*j + 0*k + 3*k = 9, 4*k + g = 3*j. Let m(y) = 2*y**2 + 93*y + 745. Let t be m(-37). What is the greatest common factor of t and j?
6
Suppose 0 = -4*k - 12, -5*l = -l - k - 15. Let x be 3*l/9*(-42 + 5). Let h = 20 - x. What is the greatest common factor of h and 228?
57
Let l be (-18)/8*124/(-93). Suppose 9 = -l*w, -x - 7*w = -4*w - 19. What is the highest common factor of x and 42?
14
Let q = -30 + 0. Let y = q + 35. Suppose -20 = -4*b, 3*b = -y*h + 50 + 100. What is the highest common divisor of 9 and h?
9
Let c(i) = i**2 - 17*i + 56. Let o = -73 - -77. Let j be c(o). Suppose 0 = -8*x + 3*x + 80. Calculate the highest common factor of j and x.
4
Let g = 32 + 3. Let u(v) = 2*v**2 + 4. Let h be u(-2). Let w be (-7)/(2/h*-3). Calculate the greatest common factor of w and g.
7
Suppose -48*f + 3285 = 51*f - 26*f. What is the highest common factor of 5 and f?
5
Let l be (55/15 - 4)*(3 + -207). Suppose -179*c = -175*c - l. Let q = -10 + 95. What is the highest common divisor of q and c?
17
Let p be (-40)/(-8) - 1 - 1. Suppose -45 = -p*d - o, 2*d = 2*o + 17 + 5. What is the greatest common factor of d and 8?
2
Let j(x) = 30*x**2 + 5*x + 7. Let i be j(5). Let z = -1981 - -2027. What is the highest common factor of i and z?
46
Let f = -722 - -724. Suppose 864 = f*v - 648. Calculate the highest common factor of v and 168.
84
Suppose -67*a + 24526 - 90406 = -87*a. What is the highest common divisor of 54 and a?
54
Let u = -24 + 74. Let z(f) = f**3 - 11*f**2 - 20*f + 22. Let s be z(13). Suppose -v = -5*v + s. Calculate the highest common factor of v and u.
25
Let o be (-4)/((1 - 3)/1). Suppose -o*w = -w + 359. Let q = -206 - w. Calculate the highest common factor of 17 and q.
17
Let i = -183094 + 183162. Let o = -836 - -1720. Calculate the greatest common factor of o and i.
68
Let a be (7 - (2 - 2))/(19 - 940/50). Calculate the greatest common factor of a and 320.
5
Let v be 15/(100/70 + -1). Suppose -5*s - 190 = -5*x, -3*x + 2*s + 177 - 58 = 0. Let z = x - v. Calculate the greatest common factor of z and 8.
8
Suppose 82*v = 5538 + 6270. What is the greatest common divisor of 846 and v?
18
Let k(f) = -f**2 - 3*f + 3. Let i be k(2). Let c be -1 + 368 - (-12 - i). Suppose -11*q + c - 75 = 0. What is the highest common divisor of 3 and q?
3
Suppose 0 = -12*j - j + 756 - 314. What is the highest common factor of j and 3706?
34
Let n(b) = 25*b + 17. Let l(h) = -h**3 + 4*h**2 + h. Let y be l(4). Let a be n(y). What is the greatest common factor of a and 26?
13
Let n = -8616 - -9988. What is the highest common factor of n and 112?
28
Suppose -96*c + 2*f = -100*c + 1356, 0 = -2*c + 4*f + 688. Calculate the greatest common divisor of 32 and c.
4
Let i(u) = 7*u - 11. Let k be i(9). Suppose 3*n = -5 + 65. Suppose -n = 4*m, 4*t - 540 = 3*m + m. Calculate the highest common divisor of t and k.
26
Let a be (-12)/(9/3) + (-2 - -11). Suppose -3*z + 2*b + b + 228 = 0, 3*z - a*b = 226. Suppose z*c = 79*c - 64. Calculate the highest common factor of c and 224.
32
Let k = 6358 + -6290. Calculate the greatest common factor of k and 32.
4
Let s = 17 + -2. Let p be 807/s + (-2)/(-10). Let n = p - -1. Calculate the highest common factor of n and 33.
11
Let x be 12/(-6)*(192 + 3 - -1). Let u = -203 - x. What is the greatest common factor of 7 and u?
7
Let s(y) = 85*y + 2021. Let z be s(55). Calculate the greatest common factor of 360 and z.
72
Let q(x) = -7*x**2 + 88*x - 32. Let v be q(12). Calculate the greatest common factor of 178 and v.
2
Let g = 97 + -90. Suppose 622 = g*t - 687. What is the greatest common divisor of 11 and t?
11
Suppose -5*k + 3*a + 30464 = -4*a, 5*a = 15. What is the greatest common factor of 182 and k?
91
Suppose -y + 4*y - 5*v - 11 = 0, 5*y = -4*v - 31. Let h be 15/(-9)*-3 - (y + -1). Let f = 2 - -34. What is the highest common factor of f and h?
9
Suppose -3*z + 18 = -2*r, -24 - 8 = 4*r - 4*z. Suppose 0 = -7*a - 1244 - 926. Let t be a/(-30) - 4/r. Calculate the greatest common factor of t and 88.
11
Suppose -2*r = 3*y - 0*y - 81, 0 = -y - 3*r + 34. Suppose s - 3*j - 382 = 0, 809 = 2*s - 3*j + 27. Calculate the greatest common divisor of s and y.
25
Let u = 5115 + -5111. Let l be 43/3 - (-3)/(-9). What is the highest common divisor of u and l?
2
Let n = 9 + -2. Suppose 0 = 2*h + n - 39. Let s(q) = -5*q + 46. Let j be s(-10). Calculate the greatest common divisor of j and h.
16
Let q(j) = 75*j**2 - j. Let k be q(1). Let p = 9012 + -8901. Calculate the highest common divisor of k and p.
37
Let v = 350 - 314. Suppose 2*b + 5*u + 0*u - 76 = 0, -3*u + v = b. Calculate the highest common divisor of b and 72.
24
Suppose -853 - 587 = -12*w. Let y = 161 - w. Suppose 23 = z + 2*s, z - y = -z - 3*s. Calculate the highest common factor of z and 65.
13
Suppose -5*d = -314 + 29. Let o = d - 27. Suppose 82061 + 21559 = 561*w + 3707*w - 814*w. What is the greatest common factor of o and w?
30
Let y = 123 + -95. Suppose -11*g - y = -15*g. Suppose 0 = -3*b + n + 4 + 22, 3*n = -b - 8. Calculate the greatest common divisor of g and b.
7
Let b be (-3)/18 - (-31)/6. Suppose b*g - 7 = 3. Let f be (-6 + 15)*(2 - 2/g). Calculate the greatest common factor of f and 27.
9
Suppose 0*k = -5*k + 525. Let p = k - 47. Suppose -202 + p = -2*q. What is the highest common divisor of 9 and q?
9
Suppose 100 = k + 2*w, k + 6*w - 102 = 3*w. Let i = 1905 + -1697. What is the highest common factor of k and i?
16
Let a(g) = -5*g + 121. Let o be a(11). Suppose 31 + 67 = 5*p + v, 3*p + 3*v = o. What is the greatest common divisor of 1 and p?
1
Let z be (150/4)/(11/(169 - -7)). What is the greatest common factor of 250 and z?
50
Let b = 2046 + -1112. Suppose -2*w - l - b = -5*w, -3*w + 4*l + 928 = 0. Calculate the highest common factor of 24 and w.
24
Let f = 269 + -229. Let q = 415 - 255. What is the greatest common divisor of f and q?
40
Let f(z) = -153*z**3 + 3*z**2 + 3*z + 1. Let a be f(-1). Let c be (-12738)/a - (-2)/(-7). Let y = c - -116. What is the greatest common divisor of 11 and y?
11
Let j be (-9694)/(-111) + 4/(-3). Calculate the highest common factor of j and 7439.
43
Suppose 0 = -18*c - 665 + 3257. What is the highest common divisor of 56 and c?
8
Suppose -132 = -8*s - 52. Let r be (1 - 1)*(s - 9). Let p be -5 + (r - 2) + 217. Calculate the highest common divisor of 84 and p.
42
Let y(z) = -3*z**3 + 62*z**2 - 25*z + 76. Let k be y(20). Calculate the greatest common divisor of k and 23500.
188
Let t be (-29590)/2152*((-14)/15 + (-4)/6). What is the greatest common divisor of 29128 and t?
22
Suppose -54168 = 108*j - 132*j. What is the highest common divisor of 148 and j?
37
Suppose 0 = -106*s + 112*s - 54. Let n be 56/7*(s/3 + -1). Let t = -95 + 207. What is the greatest common divisor of n and t?
16
Let x = -141 + 161. Let h = -103 - -243. Suppose -x = 4*r, -7*r = -j - 11*r + h. What is the greatest common divisor of 40 and j?
40
Let t(y) = -2*y**2 - 180*y - 1490. Let l be t(-80). Let g = 74 + -52. Let s = -12 + g. Calculate the highest common divisor of s and l.
10
Let v be 0 + 310 - ((-18)/(-3) - 3). Let q = -76 + v. Calculate the highest common factor of 63 and q.
21
Suppose 14*f + 44 = 128. Suppose 58 - 16 = f*s. What is the highest common divisor of s and 119?
7
Let v(w) = 779*w**2 - 3*w - 2. Let s be v(-1). What is the greatest common divisor of 40 and s?
20
Let k be (-22 + -3)*(-1 - 5). Let c = 165 - k. Let z = -16 + 36. Calculate the highest common factor of c and z.
5
Let u be (-4)/20 + 1323/15. Let y = 127 - u. Let w = 44 - y. What is the highest common factor of w and 45?
5
Let x(f) = 112*f - 73